30*f - 2367. Determine r(-22).
9
Let u(i) = -i**2 + 113*i - 1561. What is u(16)?
-9
Let j(y) = -900*y - 70203. Give j(-78).
-3
Let d(g) = -558*g**3 + 2*g**2 - 3*g - 1. What is d(-1)?
562
Let c(y) = 10*y + 49. Determine c(-5).
-1
Let v(y) = -y**3 + y**2 - 2*y - 4. Calculate v(4).
-60
Let h(k) = -3986*k - 11971. Give h(-3).
-13
Let g(h) = 104*h**2 - 6*h + 2. Determine g(1).
100
Let w(r) = 2*r**2 - 73*r + 474. Determine w(25).
-101
Let n(v) = -8*v**2 - 16*v - 30. What is n(-3)?
-54
Let h(o) = -278*o + 12628. Calculate h(45).
118
Let i(z) = -53*z - 68. What is i(-1)?
-15
Let l(o) = 61*o - 205. Give l(5).
100
Let n(a) = -10*a - 367. Give n(-36).
-7
Let d(q) = 10*q**2 - 174*q - 1266. Determine d(-7).
442
Let k(i) = 118*i - 2128. Give k(18).
-4
Let j(v) = -v**2 + 32*v + 224. Give j(37).
39
Let c(y) = 1239*y + 2446. Calculate c(-2).
-32
Let x(m) = 15*m + 16. Calculate x(-6).
-74
Let b(n) = -2*n - 16. Give b(-15).
14
Let a(p) = -p**2 + 67*p + 368. Calculate a(-5).
8
Let k(m) = 4*m**2 + 2701*m + 42205. Determine k(-16).
13
Let i(k) = 6*k**2 - 61*k - 15. What is i(12)?
117
Let i(q) = -101*q + 13. Give i(2).
-189
Let t(l) = 39*l + 2131. What is t(-52)?
103
Let i(c) = -c**2 + 65*c + 7388. What is i(-60)?
-112
Let h(o) = -o**3 + 19*o**2 - 89*o + 3. Calculate h(8).
-5
Let d(m) = 8*m**2 + 382*m - 472. Give d(-49).
18
Let z(c) = -290*c + 48422. What is z(167)?
-8
Let p(h) = 2*h**2 + 9*h - 501. Give p(14).
17
Let c(v) = v**3 - 46*v**2 + v. Determine c(46).
46
Let k(q) = 164*q**3 - 5*q**2 - 5*q - 1. Determine k(-1).
-165
Let x(j) = -390*j. Give x(-1).
390
Let k(i) = i**3 - 213*i**2 - 526*i + 66765. Determine k(214).
-3
Let i(y) = -3*y**2 - 36*y + 42. Give i(-12).
42
Let l(p) = -2*p**3 - 63*p**2 - 206*p - 188. Calculate l(-28).
92
Let l(h) = -h**2 - 115*h - 1337. Calculate l(-11).
-193
Let r(x) = x**2 - 27*x - 39. What is r(12)?
-219
Let l(q) = -2*q**3 - 120*q**2 + 57*q + 3447. Calculate l(-60).
27
Let r(h) = h**2 + 18*h + 41. Give r(-10).
-39
Let y(i) = -11*i**2 + 4*i + 25. What is y(-3)?
-86
Let z(s) = 20*s + 923. What is z(-35)?
223
Let g(m) = -19*m + 893. What is g(44)?
57
Let o(y) = -9*y**3 + 126*y**2 + 135*y + 8. Calculate o(-1).
8
Let a(p) = -4*p**3 + 39*p**2 - p - 13. Determine a(10).
-123
Let d(r) = -5182*r - 5175. Give d(-1).
7
Let f(a) = 21*a + 1212. Determine f(-58).
-6
Let o(g) = -5*g**2 + 30*g + 28. Give o(7).
-7
Let v(h) = h**3 + 72*h**2 + 519*h + 74. Determine v(-8).
18
Let z(b) = -71*b**2 + 17*b - 25. Calculate z(2).
-275
Let r(j) = -84*j - 65. Calculate r(-1).
19
Let q(y) = -12*y - 94. Determine q(-4).
-46
Let c(b) = -28*b + 2019. Calculate c(58).
395
Let m(i) = -i**2 + 41*i - 57. Determine m(41).
-57
Let t(x) = -8*x**3 + 32*x**2 + 2*x - 6. What is t(4)?
2
Let n(s) = 79*s + 687. Determine n(-11).
-182
Let u(k) = -7*k**3 + 257*k**2 + 20*k + 2004. Determine u(37).
6
Let g(v) = 2*v**3 + 13*v**2 - 90*v + 65. What is g(-11)?
-34
Let b(y) = 90*y + 3074. Determine b(-34).
14
Let o(f) = 135*f + 154. Determine o(-1).
19
Let b(y) = -7*y**2 + 59*y - 100. Determine b(6).
2
Let g(p) = p**3 - 15*p**2 + 33*p + 49. What is g(11)?
-72
Let m(z) = -2*z**2 + 9*z + 1. Determine m(4).
5
Let i(x) = -8*x + 73. Determine i(-1).
81
Let h(u) = 482*u + 89164. Give h(-185).
-6
Let v(g) = -8*g**2 - 3*g - 82. Determine v(0).
-82
Let b(f) = -f**3 - 2*f**2 + 7. Calculate b(-3).
16
Let g(z) = -z**2 + 378*z + 376. Determine g(-1).
-3
Let u(y) = 7*y**2 - 38*y + 7. What is u(5)?
-8
Let r(k) = -2*k**2 - 902*k + 6426. What is r(7)?
14
Let g(x) = -17*x**3 - 1852*x**2 + 111*x + 53. Determine g(-109).
-165
Let h(t) = 4*t**2 + 14*t - 84. Calculate h(4).
36
Let c(b) = 4*b**2 + 99*b + 66. Calculate c(-24).
-6
Let r(o) = 3*o**3 + 9*o**2 + 11*o - 7. Calculate r(-7).
-672
Let i(f) = 3*f**3 - 76*f**2 + 265*f + 123. Give i(21).
-45
Let u(o) = 4*o**2 - 15*o - 15. What is u(-4)?
109
Let k(b) = 5*b**3 - 20*b**2 + 6*b - 3. Give k(3).
-30
Let o(h) = 38*h**2 + 96*h - 41. Give o(-3).
13
Let c(z) = z**3 + 3*z**2 - 19*z - 19. Calculate c(-4).
41
Let u(f) = 13*f**2 - 46*f - 50. Calculate u(-1).
9
Let t(d) = 234*d + 2117. Determine t(-9).
11
Let h(t) = 383*t - 5. Calculate h(1).
378
Let x(q) = q**2 + 24*q - 606. Calculate x(19).
211
Let t(y) = -y**2 - 151*y - 4071. Give t(-35).
-11
Let p(i) = -23*i - 36. What is p(-1)?
-13
Let x(c) = -5*c**3 - 2*c**2 - 2*c + 2. What is x(1)?
-7
Let l(g) = g**2 - 25*g - 78. Calculate l(0).
-78
Let x(v) = 61*v + 742. Determine x(-13).
-51
Let q(j) = 182*j**3 - 2*j**2 + 2*j + 3. Calculate q(-1).
-183
Let i(m) = m**2 - 113*m - 2063. Determine i(129).
1
Let z(w) = -8*w**2 - 96*w + 655. Calculate z(-17).
-25
Let z(x) = -x**2 - 24*x + 171. Give z(-25).
146
Let x(j) = -j**2 + 18*j + 15. Determine x(22).
-73
Let k(l) = -l**3 + 38*l**2 + 122*l + 8. What is k(41)?
-33
Let w(y) = 89*y**2 - 445*y + 1. Determine w(5).
1
Let h(g) = 107*g + 434. Give h(-4).
6
Let p(j) = -4*j**2 - 158*j + 700. Determine p(4).
4
Let r(o) = -o**3 + 18*o**2 - 5*o - 254. What is r(17)?
-50
Let a(c) = -91*c - 2878. Give a(-32).
34
Let d(k) = 4*k**3 + 19*k**2 - 13*k - 40. Calculate d(-5).
0
Let r(g) = -g + 50. Give r(-21).
71
Let a(s) = -s**3 + 70*s**2 - 327*s + 130. Determine a(65).
0
Let t(s) = 6*s**2 - 566*s - 2382. Calculate t(-4).
-22
Let y(t) = 2*t**3 - 115*t**2 + 162*t + 342. Determine y(56).
6
Let a(y) = 2*y**2 + 25*y + 124. Calculate a(-8).
52
Let j(f) = -f**2 - 25*f - 77. Calculate j(-8).
59
Let n(r) = -625*r + 11252. Determine n(18).
2
Let r(o) = -716*o - 6447. Determine r(-9).
-3
Let f(h) = -2*h**2 - 100*h - 911. Calculate f(-12).
1
Let p(a) = a**3 + 9*a**2 + 85*a + 508. Determine p(-7).
11
Let i(u) = 17*u**2 - 89*u - 94. Calculate i(-1).
12
Let m(d) = 255*d**2 + 765*d + 2. Calculate m(-3).
2
Let s(q) = -9*q**2 + 152*q + 56. What is s(16)?
184
Let a(k) = k**3 + 4*k**2 - 70*k + 59. Give a(6).
-1
Let l(p) = -141*p - 1398. Give l(-10).
12
Let s(a) = 910*a + 3660. Calculate s(-4).
20
Let m(a) = -23*a - 311. Give m(-11).
-58
Let h(w) = 211*w + 334. Determine h(3).
967
Let z(i) = 2*i**2 + 96*i - 112. Determine z(-49).
-14
Let d(q) = -23*q**2 + 17*q + 162. Determine d(-5).
-498
Let g(f) = -f**3 + 37*f**2 - 288*f + 57. Determine g(26).
5
Let j(u) = 4*u**2 + 745*u + 5702. What is j(-8)?
-2
Let d(v) = -v**2 - 27*v + 193. Give d(-35).
-87
Let k(s) = 3*s**2 - 39*s + 167. Calculate k(4).
59
Let a(p) = p**3 - 43*p**2 - 140*p + 121. Give a(46).
29
Let g(i) = -9197*i + 64381. Calculate g(7).
2
Let k(l) = -2*l**3 + 83*l**2 - 59*l + 744. Give k(41).
6
Let t(l) = -l**3 - 32*l**2 + 28*l - 172. Give t(-33).
-7
Let i(s) = 3*s**2 + 28*s + 84. Give i(-9).
75
Let n(r) = -r**3 - 10*r**2 + 18*r + 65. What is n(-10)?
-115
Let l(h) = -11*h**3 - 4*h**2 - 10*h - 35. What is l(-4)?
645
Let p(g) = 126*g - 10814. What is p(86)?
22
Let z(c) = c**3 + 8*c**2 + 7*c + 46. Calculate z(-8).
-10
Let t(p) = -8*p + 271. What is t(36)?
-17
Let a(y) = -57*y**2 - 17*y - 9. Determine a(-2).
-203
Let y(s) = -3*s**2 + 124*s - 571. Give y(5).
-26
Let y(t) = 160*t**3 - 952*t**2 - 45*t - 5. Give y(6).
13
Let w(q) = -24*q + 668. Calculate w(25).
68
Let h(f) = -13*f + 687. Determine h(41).
154
Let j(k) = -105*k - 5967. Give j(-57).
18
Let l(q) = 56*q + 2693. What is l(-48)?
5
Let h(k) = 4*k**3 - 12*k**2 + 31*k + 10. What is h(4)?
198
Let u(c) = 7*c + 18. Calculate u(-5).
-17
Let v(u) = -72*u - 2679. Determine v(-37).
-15
Let i(j) = j**2 - 38*j + 386. Give i(22).
34
Let k(l) = -3*l**3 - 25*l**2 + 10*l + 9. Determine k(-8).
-135
Let t(s) = -s**2 + 17558*s + 52683. Determine t(-3).
0
Let p(k) = -227*k + 1375. What is p(6)?
13
Let m(b) = -b**3 - 2*b**2 + 51*b - 26. Give m(0).
-26
Let f(g) = -g**2 + 78*g + 1604. Determine f(95).
-11
Let t(o) = 4971*o + 89483. Give t(-18).
5
Let z(v) = v**3 + 12*v**2 - 23*v - 33. Calculate z(-14).
-103
Let u(m) = -45*m**2 - 1018*m + 397. What is u(-23)?
6
Let z(w) = -562*w + 93855. Give z(167).
1
Let z(i) = i**3 + 9*i**2 + 21*i + 42. Calculate z(-6).
24
Let f(w) = 551*w + 6068. What is f(-11)?
7
Let j(n) = 170*n**2 - 192*n + 3. What is j(2)?
299
Let p(x) = -3*x**3 - 784*x**2 + 514*x - 2632. Determine p(-262).
-12
Let o(k) = -5*k**2 + 51*k - 127. Give o(5).
3
Let j(k) = k**2 + 6*k - 123. Calculate j(-13).
-32
Let n(d) = 195*d + 2121. What is n(-11)?
-24
Let h(t) = 2*t**2 - 67*t + 392. What is h(24)?
-64
Let c(d) = d**2 - 